e 4) to base 15
1d9955
Convert 13321545 (base 6) to base 14.
b88ad
-230203233 (base 4) to base 12
-89753
Convert -166895 (base 10) to base 14.
-44b71
Convert -1114ac4 (base 14) to base 11.
-4645924
-315362 (base 7) to base 16
-d5c8
267308 (base 9) to base 5
20202233
Convert 32522145 (base 7) to base 3.
12021000202020
-1263 (base 14) to base 12
-1a47
Convert -1124545 (base 9) to base 6.
-21002022
Convert 147c4 (base 15) to base 10.
65884
What is a98b39 (base 12) in base 4?
22100311131
What is -1878ea (base 15) in base 8?
-4424204
Convert 214401 (base 7) to base 8.
111320
Convert -63983 (base 11) to base 10.
-93019
Convert 2333013013 (base 4) to base 5.
200022131
What is -12227b6 (base 12) in base 11?
-1aa0a29
What is -10508c (base 15) in base 5?
-144321012
641506 (base 12) to base 13
433578
42245215 (base 7) to base 6
204340401
What is 11001010101100001000 (base 2) in base 11?
517832
What is -1010110011110101 (base 2) in base 9?
-66656
What is -396aa94 (base 11) in base 12?
-2371897
Convert 100111002002 (base 3) to base 16.
2d938
-87482 (base 11) to base 10
-127019
What is 2030103013 (base 5) in base 14?
79c377
203221440 (base 5) to base 15
1179ea
795061 (base 10) to base 16
c21b5
What is -21200411 (base 5) in base 8?
-534067
-178b01 (base 13) to base 15
-ba021
Convert -4547136 (base 9) to base 12.
-9a3306
362312 (base 7) to base 9
110065
Convert 313252320 (base 6) to base 10.
5481336
What is -214504 (base 6) in base 12?
-a434
What is -15234 (base 16) in base 2?
-10101001000110100
Convert -4466032 (base 7) to base 12.
-228947
11220020021 (base 3) to base 9
156207
Convert -3ab24c (base 14) to base 10.
-2028276
-3494054 (base 10) to base 16
-3550a6
-505411 (base 6) to base 7
-224641
-21305443 (base 6) to base 11
-3a1184
What is -13d064 (base 15) in base 14?
-1ac17d
-c9491 (base 13) to base 10
-363299
Convert -320102300301 (base 4) to base 6.
-1244143013
-7358 (base 10) to base 14
-2978
What is 202331321 (base 4) in base 16?
22f79
2122243 (base 5) to base 4
20301230
-1000011011100111 (base 2) to base 12
-17b9b
What is 305331300 (base 6) in base 10?
5299668
-111101001111101000101 (base 2) to base 6
-111002553
What is -1f388 (base 16) in base 11?
-88095
What is -611483 (base 10) in base 12?
-255a4b
Convert 13404000 (base 6) to base 3.
211221212000
Convert -2063431 (base 7) to base 8.
-752107
-123258 (base 11) to base 16
-2f847
-24ed8 (base 16) to base 12
-73648
What is -203435 (base 9) in base 13?
-42bb1
What is -100101111001101111110 (base 2) in base 10?
-1241982
What is 101650 (base 10) in base 9?
164384
-1345621 (base 7) to base 2
-101011110111110010
Convert 5881844 (base 10) to base 9.
12054332
Convert 24aed (base 15) to base 7.
665521
210411 (base 6) to base 2
100001001100111
What is 238846 (base 9) in base 11?
99465
Convert 16565300 (base 7) to base 13.
450a58
What is -10112100212 (base 3) in base 11?
-48261
What is -64682 (base 10) in base 14?
-19802
What is -962126 (base 14) in base 16?
-4d7696
What is -1110101101001001 (base 2) in base 11?
-41288
Convert 508353 (base 12) to base 14.
24a8b5
Convert 10342124 (base 6) to base 15.
61807
Convert -201115251 (base 6) to base 7.
-41015413
What is -111210021012 (base 3) in base 8?
-1022026
Convert -7ddc (base 16) to base 3.
-1122012100
What is -1250874 (base 9) in base 5?
-133324214
Convert -220302312031 (base 4) to base 12.
-36b8811
-1653656 (base 7) to base 6
-4545232
What is -339c06 (base 13) in base 10?
-1221369
What is 1001001010011100100 (base 2) in base 3?
120020212202
43099 (base 10) to base 6
531311
Convert 1173675 (base 8) to base 10.
325565
What is 72217 (base 9) in base 11?
3280a
What is -15bd9cc (base 14) in base 2?
-101000101111001001000000
Convert -1a9537a (base 13) to base 12.
-2b49539
-201002021122 (base 3) to base 8
-1335531
Convert 6503a (base 16) to base 6.
12511310
-10111011001011100110110 (base 2) to base 4
-113121130312
Convert 3145544 (base 7) to base 6.
12101302
What is -45114 (base 6) in base 13?
-2b45
What is -d8608 (base 15) in base 2?
-10100111100110010011
Convert 66111 (base 12) to base 5.
13304231
-23904a (base 12) to base 13
-171c2b
Convert -145093 (base 14) to base 8.
-2541471
-50313650 (base 7) to base 5
-2032000040
Convert 2064 (base 12) to base 5.
103112
What is -1b3a6 (base 15) in base 11?
-60609
What is -4a5656 (base 15) in base 9?
-6628200
-1a9f7 (base 16) to base 8
-324767
4662 (base 7) to base 16
6ae
Convert -5005625 (base 7) to base 11.
-373532
-23102430 (base 6) to base 13
-1ba479
-572401 (base 12) to base 15
-1c7c9a
100000000220 (base 3) to base 7
1335351
-4a8178 (base 11) to base 15
-10c713
4214104 (base 6) to base 16
31e58
-2bb107 (base 13) to base 5
-234043400
Convert 16edc (base 15) to base 16.
121f8
2041312 (base 7) to base 13
87910
-3b3a7 (base 14) to base 8
-435367
-305350305 (base 6) to base 10
-5302049
What is -2dad20 (base 15) in base 11?
-1282106
15320142 (base 6) to base 5
114223243
What is -3365535 (base 9) in base 5?
-431034133
What is 19bd26a (base 14) in base 16?
c3c00e
Convert 113002103 (base 4) to base 2.
10111000010010011
Convert 20696 (base 11) to base 2.
111010110100001
What is -7db3a (base 16) in base 12?
-209b62
10022133231 (base 4) to base 14
205b2d
1152915 (base 11) to base 9
3702561
Convert -31b7547 (base 12) to base 15.
-c69501
Convert 115628 (base 13) to base 12.
17a43b
1100100111011011001 (base 2) to base 11
26265a
What is 804644 (base 9) in base 15?
95ec4
Convert 118176 (base 9) to base 12.
35520
What is -30044044 (base 5) in base 10?
-237399
Convert -a64835 (base 11) to base 7.
-20326634
What is -13bc4 (base 16) in base 4?
-103233010
351567 (base 8) to base 12
59307
What is c9a35 (base 13) in base 2?
1011000111011001111
What is 2725377 (base 11) in base 13?
c8a535
What is -2110222010010 (base 3) in base 16?
-141ce4
-1556861 (base 9) to base 11
-540621
What is 205748a (base 11) in base 5?
1412014401
Convert 1472511 (base 10) to base 7.
15342015
Convert 2314524 (base 6) to base 7.
1003633
What is 1202230010 (base 4) in base 14?
a7456
Convert 4552341 (base 6) to base 16.
38c65
Convert -566dd (base 15) to base 4.
-1003013311
What is 25723256 (base 8) in base 4?
111322122232
-243000 (base 8) to base 3
-11020110222
-11311013021 (base 4) to base 5
-342401030
156156 (base 10) to base 14
40ca0
What is 228748 (base 9) in base 16?
219bf
-19c88c4 (base 13) to base 10
-8530266
Convert 101101111010110111101 (base 2) to base 4.
11233112331
What is 1015895 (base 14) in base 3?
112021021102121
Convert -828823 (base 11) to base 9.
-2445444
Convert 1552350 (base 6) to base 12.
456b6
Convert -15cc8 (base 14) to base 6.
-1101024
124838 (base 10) to base 12
602b2
What is 22221202202 (base 3) in base 15?
3734e
What is -11b2f6 (base 16) in base 6?
-40510010
16d14c (base 14) to base 10
804256
46281 (base 9) to base 2
111100010000101
What is 101000110011010001000 (base 2) in base 9?
2456870
What is 1686079 (base 14) in base 10?
11080379
-541bab (base 15) to base 9
-7474318
Convert -8420767 (base 10) to base 14.
-1192b15
What is -1330314 (base 9) in base 2?
-10110001110111001111
What is -1890141 (base 10) in base 5?
-440441031
100100110111000 (base 2) to base 4
10212320
5a626 (base 11) to base 3
11102201012
What is 12002221212210 (base 3) in base 8?
12267456
-1146455 (base 7) to base 10
-146354
What is 269c04 (base 13) in base 2?
11100100011101001101
Convert -452455 (base 10) to base 7.
-3563053
-136a66 (base 13) to base 9
-788328
Convert -14d2e1 (base 15) to base 13.
-293113
aaa018 (base 12) to base 6
134052032
Convert -220230240 (base 5) to base 10.
-945695
What is 111024340 (base 5) in base 8?
1665514
Convert -230837 (base 12) to base 9.
-1044567
21220021010222 (base 3) to base 2
10000000000110100111001
What is -107149 (base 10) in base 2?
-11010001010001101
Convert 1b977 (base 16) to base 4.
123211313
-434298 (base 12) to base 4
-10003332110
What is 73276743 (base 8) in base 6?
1313332431
Convert -1201ba (base 13) to base 10.
-428737
What is -420642 (base 11) in base 13?
-1a7b90
What is 3023412120 (base 5) in base 8?
27133006
-271b60 (base 14) to base 4
-11021132220
13a63 (base 13) to base 5
2140143
-1001010111100011110 (base 2) to base 8
-1127436
Convert 1979232 (base 10) to base 11.
1132032
-5a1b7 (base 12) to base 6
-2333151
Convert -304033